(base 4) in base 9?
-4
-11 (base 2) to base 14
-3
Convert -2 (base 15) to base 5.
-2
What is 75 (base 11) in base 7?
145
Convert -10 (base 16) to base 6.
-24
Convert -26 (base 11) to base 15.
-1d
What is -3 (base 14) in base 9?
-3
0 (base 14) to base 2
0
What is 1 (base 11) in base 2?
1
Convert 321 (base 9) to base 14.
14a
What is 23 (base 4) in base 3?
102
Convert -1 (base 3) to base 12.
-1
What is -61 (base 9) in base 7?
-106
Convert -6f (base 16) to base 11.
-a1
What is -5 (base 8) in base 10?
-5
What is 554 (base 6) in base 11?
185
222 (base 5) to base 14
46
Convert 148 (base 9) to base 12.
a5
Convert -110 (base 3) to base 16.
-c
21 (base 3) to base 11
7
10 (base 4) to base 16
4
Convert 6 (base 10) to base 16.
6
Convert 2 (base 10) to base 11.
2
Convert 12 (base 15) to base 8.
21
Convert -1020 (base 4) to base 2.
-1001000
What is -d (base 15) in base 11?
-12
What is -2 (base 16) in base 3?
-2
What is 1101 (base 2) in base 14?
d
110 (base 2) to base 8
6
What is 2 (base 9) in base 11?
2
What is -1000 (base 3) in base 9?
-30
What is 4 (base 8) in base 15?
4
0 (base 8) to base 12
0
10 (base 4) to base 9
4
Convert 0 (base 2) to base 16.
0
What is 10 (base 7) in base 2?
111
Convert -4 (base 10) to base 9.
-4
What is 75 (base 13) in base 6?
240
Convert -224 (base 5) to base 7.
-121
Convert 52 (base 16) to base 4.
1102
Convert 1011 (base 2) to base 15.
b
What is -117 (base 12) in base 11?
-139
What is -7 (base 14) in base 2?
-111
-3 (base 9) to base 16
-3
What is -58 (base 9) in base 8?
-65
Convert -2 (base 6) to base 9.
-2
-1 (base 11) to base 4
-1
1 (base 8) to base 2
1
-b (base 15) to base 4
-23
Convert -6 (base 9) to base 16.
-6
What is 3 (base 12) in base 5?
3
3 (base 15) to base 10
3
15 (base 6) to base 4
23
-7b (base 15) to base 12
-98
What is 10 (base 15) in base 5?
30
Convert 6 (base 8) to base 12.
6
-14 (base 9) to base 12
-11
0 (base 6) to base 11
0
1 (base 15) to base 6
1
Convert -3 (base 8) to base 2.
-11
23 (base 15) to base 11
30
-254 (base 9) to base 6
-551
167 (base 11) to base 16
c2
Convert 95 (base 13) to base 10.
122
-1 (base 6) to base 11
-1
-10 (base 2) to base 12
-2
What is 26 (base 10) in base 15?
1b
-10 (base 2) to base 3
-2
Convert -5 (base 7) to base 12.
-5
1 (base 12) to base 11
1
What is -9 (base 13) in base 9?
-10
What is 11 (base 16) in base 8?
21
-43 (base 10) to base 12
-37
Convert -11 (base 13) to base 2.
-1110
10 (base 12) to base 15
c
What is 6 (base 11) in base 10?
6
33 (base 6) to base 14
17
Convert -2 (base 5) to base 4.
-2
14 (base 16) to base 8
24
c (base 16) to base 11
11
Convert -7 (base 10) to base 12.
-7
What is 29 (base 12) in base 5?
113
What is -1133 (base 4) in base 5?
-340
What is -1303 (base 4) in base 12?
-97
What is -101010 (base 2) in base 8?
-52
2a (base 13) to base 16
24
301 (base 5) to base 12
64
11 (base 14) to base 5
30
-5 (base 10) to base 5
-10
Convert 75 (base 11) to base 5.
312
Convert -a (base 14) to base 13.
-a
Convert 342 (base 7) to base 12.
129
2 (base 11) to base 6
2
What is a (base 11) in base 12?
a
Convert 300 (base 7) to base 10.
147
Convert 63 (base 8) to base 2.
110011
Convert 7 (base 15) to base 6.
11
What is 37 (base 8) in base 14?
23
What is 1a (base 13) in base 10?
23
Convert 31 (base 12) to base 3.
1101
Convert -6 (base 15) to base 13.
-6
-14 (base 8) to base 5
-22
22 (base 5) to base 10
12
What is -3 (base 5) in base 8?
-3
What is 12102 (base 3) in base 9?
172
Convert 20 (base 6) to base 2.
1100
Convert 24 (base 12) to base 4.
130
45 (base 13) to base 15
3c
What is 1b (base 16) in base 3?
1000
Convert -44 (base 9) to base 13.
-31
23 (base 9) to base 3
210
Convert 2 (base 14) to base 7.
2
-4 (base 16) to base 8
-4
-2 (base 12) to base 6
-2
What is 1 (base 11) in base 9?
1
What is c (base 16) in base 11?
11
Convert -56 (base 14) to base 12.
-64
What is -1 (base 6) in base 13?
-1
0 (base 14) to base 7
0
Convert 16 (base 13) to base 10.
19
78 (base 11) to base 4
1111
What is -34 (base 11) in base 10?
-37
What is -2 (base 15) in base 6?
-2
Convert -11 (base 3) to base 12.
-4
What is -1 (base 2) in base 15?
-1
4 (base 8) to base 2
100
What is -12 (base 5) in base 3?
-21
What is 4 (base 10) in base 6?
4
Convert 1a (base 14) to base 10.
24
Convert 24 (base 14) to base 7.
44
-2 (base 15) to base 4
-2
1210 (base 4) to base 11
91
Convert -17 (base 9) to base 10.
-16
Convert -31 (base 16) to base 11.
-45
-29 (base 15) to base 8
-47
-202 (base 6) to base 10
-74
-1 (base 9) to base 5
-1
What is 0 (base 10) in base 3?
0
101100 (base 2) to base 8
54
5 (base 14) to base 13
5
-1 (base 4) to base 12
-1
-113 (base 5) to base 3
-1020
-102 (base 3) to base 9
-12
2 (base 9) to base 16
2
Convert -3 (base 11) to base 12.
-3
Convert 3 (base 15) to base 7.
3
Convert 3 (base 9) to base 15.
3
What is 14 (base 11) in base 2?
1111
19 (base 12) to base 3
210
1 (base 8) to base 2
1
What is 1a3 (base 11) in base 4?
3222
What is 68 (base 12) in base 6?
212
What is 4 (base 9) in base 13?
4
-e (base 15) to base 10
-14
Convert 12 (base 7) to base 14.
9
What is 1 (base 16) in base 14?
1
What is 1c (base 14) in base 12?
22
What is 142 (base 5) in base 2?
101111
7 (base 13) to base 12
7
What is -1 (base 6) in base 14?
-1
Convert -1 (base 5) to base 6.
-1
100 (base 3) to base 10
9
What is 1 (base 15) in base 4?
1
What is -4 (base 10) in base 11?
-4
Convert 3 (base 6) to base 2.
11
11 (base 12) to base 15
d
Convert b (base 12) to base 5.
21
Convert 30 (base 9) to base 11.
25
24 (base 8) to base 13
17
What is 1 (base 11) in base 8?
1
What is 100001 (base 2) in base 6?
53
Convert 30 (base 13) to base 3.
1110
Convert 21 (base 5) to base 16.
b
-15 (base 6) to base 10
-11
What is -10 (base 12) in base 14?
-c
What is -2b (base 12) in base 10?
-35
Convert 41 (base 11) to base 2.
101101
What is 66 (base 7) in base 4?
300
What is 1 (base 9) in base 16?
1
What is -111 (base 4) in base 16?
-15
Convert 2 (base 10) to base 6.
2
Convert -10 (base 6) to base 13.
-6
Convert -101 (base 2) to base 16.
-5
41 (base 7) to base 4
131
Convert 1 (base 3) to base 14.
1
Convert -14 (base 11) to base 10.
-15
What is -69 (base 12) in base 16?
-51
What is 6 (base 13) in base 3?
20
-14 (base 10) to base 13
-11
161 (base 12) to base 16
d9
Convert 7 (base 16) to base 11.
7
What is 1b (base 16) in base 15?
1c
Convert 152 (base 6) to base 12.
58
-5 (base 9) to base 3
-12
-144 (base 10) to base 12
-100
What is 110000 (base 2) in base 16?
30
What is 1 (base 11) in base 9?
1
What is 1 (base 14) in base 11?
1
What is -1140 (base 5) in base 3?
-20022
Convert 1e (base 16) to base 4.
132
1 (base 8) to base 2
1
What is 7 (base 10) in base 8?
7
What is -27 (base 16) in base 3?
-1110
Convert -5 (base 7) to base 14.
-5
-8b (base 13) to base 12
-97
1a (base 13) to base 10
23
What is -134 (base 6) in base 15?
-3d
27 (base 11) to base 12
25
What is -6 (base 8) in base 2?
-110
Convert -1b (base 13) to base 5.
-44
What is 1 (base 6) in base 7?
1
-2 (base 5) to base 7
-2
Convert 261 (base 7) to base 15.
96
Convert -1 (base 2) to base 12.
-1
67 (base 13) to base 16
55
What is 403 (base 5) in base 14?
75
What is 22 (base 3) in base 11?
8
What is 2 (base 6) in base 11?
2
Convert 140 (base 5) to base 11.
41
What is 1b8 (base 13) in base 15?
165
-324 (base 6) to base 7
-235
What is -1 (base 14) in base 15?
-1
2212 (base 3) to base 5
302
29 (base 11) to base 16
1f
What is 120 (base 3) in base 5?
30
-1 (base 13) to base 14
-1
Convert 52 (base 7) to base 4.
211
What is 11 (base 5) in base 9?
6
What is 7 (base 10) in base 2?
111
0 (base 2) to base 11
0
What is -20 (base 4) in base 14?
-8
What is c6 (base 13) in base 7?
321
What is -3 (base 9) in base 3?
-10
Convert -5 (base 10) to base 12.
-5
Convert 17 (base 13) to base 14.
16
Convert -26 (base 7) to base 4.
-110
Convert 24 (base 7) to base 9.
20
64 (base 11) to base 15
4a
Convert -1 (base 7) to base 4.
-1
28 (base 14) to base 8
44
What is -10 (base 4) in base 2?
-100
What is -3 (base 7) in base 8?
-3
-104 (base 9) to base 7
-151
What is -542 (base 7) in base 8?
-423
What is -cc (base 13) in base 2?
-10101000
-77 (base 13) to base 11
-8a
-4 (base 14) to base 3
-11
What is 4 (base 12) in base 10?
4
6 (base 11) to base 9
6
22 (base 12) to base 13
20
Convert -bc (base 16) to base 5.
-1223
e (base 15) to base 4
32
Wha